224 is divided by 2086?
52
Calculate the remainder when 218620 is divided by 102.
34
What is the remainder when 2975 is divided by 2900?
75
Calculate the remainder when 9401 is divided by 124.
101
Calculate the remainder when 12249 is divided by 12246.
3
What is the remainder when 169121 is divided by 94?
15
What is the remainder when 201012 is divided by 136?
4
What is the remainder when 7781 is divided by 337?
30
What is the remainder when 23447 is divided by 7?
4
Calculate the remainder when 49334 is divided by 12325.
34
Calculate the remainder when 1607 is divided by 278.
217
Calculate the remainder when 162732 is divided by 206.
198
What is the remainder when 942 is divided by 255?
177
What is the remainder when 370327 is divided by 3982?
1
What is the remainder when 22535 is divided by 289?
282
Calculate the remainder when 19157 is divided by 1470.
47
What is the remainder when 420598 is divided by 300?
298
Calculate the remainder when 56765 is divided by 158.
43
Calculate the remainder when 2608521 is divided by 388.
385
Calculate the remainder when 958816 is divided by 184.
176
What is the remainder when 127333 is divided by 653?
651
What is the remainder when 1088 is divided by 18?
8
Calculate the remainder when 25078 is divided by 2089.
10
What is the remainder when 40368 is divided by 4029?
78
What is the remainder when 13505 is divided by 388?
313
Calculate the remainder when 31963 is divided by 820.
803
Calculate the remainder when 256560 is divided by 10.
0
Calculate the remainder when 59194 is divided by 102.
34
Calculate the remainder when 200319 is divided by 41.
34
What is the remainder when 471408 is divided by 1003?
1001
Calculate the remainder when 618798 is divided by 26.
24
What is the remainder when 6760 is divided by 281?
16
What is the remainder when 2496 is divided by 1232?
32
What is the remainder when 3330 is divided by 368?
18
What is the remainder when 5330 is divided by 1745?
95
What is the remainder when 290241 is divided by 414?
27
Calculate the remainder when 1154604 is divided by 941.
938
What is the remainder when 76004 is divided by 17?
14
What is the remainder when 62513 is divided by 31255?
3
What is the remainder when 1664330 is divided by 14?
10
Calculate the remainder when 86242 is divided by 6160.
2
Calculate the remainder when 7219 is divided by 556.
547
What is the remainder when 181660 is divided by 442?
440
Calculate the remainder when 274653 is divided by 105.
78
Calculate the remainder when 90540 is divided by 6466.
16
Calculate the remainder when 140139 is divided by 179.
161
Calculate the remainder when 52426 is divided by 36.
10
What is the remainder when 2632 is divided by 2498?
134
Calculate the remainder when 10721 is divided by 306.
11
What is the remainder when 9321 is divided by 58?
41
Calculate the remainder when 85328 is divided by 115.
113
Calculate the remainder when 5326 is divided by 865.
136
Calculate the remainder when 4935 is divided by 547.
12
Calculate the remainder when 28124 is divided by 49.
47
Calculate the remainder when 30121 is divided by 60.
1
What is the remainder when 2781 is divided by 65?
51
Calculate the remainder when 156368 is divided by 2696.
0
What is the remainder when 2209 is divided by 25?
9
Calculate the remainder when 3210 is divided by 10.
0
Calculate the remainder when 278889 is divided by 29.
25
Calculate the remainder when 328946 is divided by 109645.
11
What is the remainder when 68792 is divided by 55?
42
Calculate the remainder when 12089 is divided by 1510.
9
Calculate the remainder when 11329 is divided by 55.
54
What is the remainder when 3709 is divided by 1236?
1
Calculate the remainder when 4138 is divided by 1168.
634
Calculate the remainder when 488164 is divided by 19.
16
What is the remainder when 6584 is divided by 3289?
6
Calculate the remainder when 2854 is divided by 501.
349
What is the remainder when 6383 is divided by 6363?
20
Calculate the remainder when 3551 is divided by 220.
31
Calculate the remainder when 29093 is divided by 178.
79
Calculate the remainder when 50731 is divided by 123.
55
Calculate the remainder when 19136 is divided by 25.
11
What is the remainder when 6489 is divided by 5661?
828
What is the remainder when 17125 is divided by 268?
241
Calculate the remainder when 2948098 is divided by 13.
10
Calculate the remainder when 58784 is divided by 14.
12
What is the remainder when 19913 is divided by 413?
89
Calculate the remainder when 19719 is divided by 6079.
1482
What is the remainder when 29419 is divided by 1450?
419
Calculate the remainder when 257849 is divided by 30.
29
Calculate the remainder when 8131 is divided by 2691.
58
What is the remainder when 1402680 is divided by 467557?
9
What is the remainder when 16604 is divided by 27?
26
What is the remainder when 206013 is divided by 116?
113
What is the remainder when 22395 is divided by 200?
195
What is the remainder when 15941 is divided by 58?
49
Calculate the remainder when 18980 is divided by 3788.
40
Calculate the remainder when 5562 is divided by 1209.
726
What is the remainder when 7578 is divided by 36?
18
Calculate the remainder when 23911 is divided by 1406.
9
Calculate the remainder when 952278 is divided by 317421.
15
Calculate the remainder when 10690 is divided by 33.
31
What is the remainder when 48194 is divided by 705?
254
What is the remainder when 8357 is divided by 73?
35
What is the remainder when 10737 is divided by 147?
6
What is the remainder when 21890 is divided by 59?
1
What is the remainder when 33719 is divided by 490?
399
Calculate the remainder when 13594 is divided by 13.
9
Calculate the remainder when 5044 is divided by 2103.
838
What is the remainder when 51300 is divided by 7?
4
What is the remainder when 950 is divided by 178?
60
Calculate the remainder when 60244 is divided by 18.
16
What is the remainder when 80322 is divided by 35?
32
What is the remainder when 777 is divided by 46?
41
What is the remainder when 33849 is divided by 16911?
27
What is the remainder when 50042 is divided by 1667?
32
What is the remainder when 11897 is divided by 1470?
137
What is the remainder when 1458 is divided by 223?
120
What is the remainder when 2296749 is divided by 17?
15
What is the remainder when 8024 is divided by 45?
14
Calculate the remainder when 1001 is divided by 352.
297
Calculate the remainder when 860 is divided by 58.
48
Calculate the remainder when 27712 is divided by 9224.
40
Calculate the remainder when 31826 is divided by 1580.
226
Calculate the remainder when 1040 is divided by 261.
257
Calculate the remainder when 496479 is divided by 2140.
2139
What is the remainder when 159347 is divided by 169?
149
Calculate the remainder when 13544 is divided by 181.
150
Calculate the remainder when 3674318 is divided by 141.
140
What is the remainder when 85 is divided by 44?
41
What is the remainder when 18838 is divided by 6279?
1
Calculate the remainder when 7606 is divided by 4.
2
What is the remainder when 1042411 is divided by 347466?
13
What is the remainder when 411513 is divided by 646?
11
What is the remainder when 7063 is divided by 3158?
747
What is the remainder when 26273 is divided by 407?
225
What is the remainder when 16342 is divided by 16341?
1
What is the remainder when 11880 is divided by 72?
0
What is the remainder when 47622 is divided by 882?
876
Calculate the remainder when 18568 is divided by 6185.
13
What is the remainder when 9647 is divided by 1051?
188
Calculate the remainder when 38572 is divided by 551.
2
Calculate the remainder when 7877 is divided by 1295.
107
Calculate the remainder when 1271758 is divided by 42.
40
What is the remainder when 28598 is divided by 36?
14
Calculate the remainder when 112285 is divided by 24.
13
Calculate the remainder when 370099 is divided by 360.
19
What is the remainder when 17610 is divided by 39?
21
What is the remainder when 5053 is divided by 632?
629
What is the remainder when 16353 is divided by 9?
0
What is the remainder when 851694 is divided by 21?
18
Calculate the remainder when 1928 is divided by 12.
8
What is the remainder when 3859 is divided by 1277?
28
Calculate the remainder when 3829 is divided by 742.
119
What is the remainder wh